{"version":"1.0","provider_name":"Actualidad Nebrija","provider_url":"https:\/\/www.nebrija.com\/medios\/actualidadnebrija","author_name":"zrio","author_url":"https:\/\/www.nebrija.com\/medios\/actualidadnebrija\/author\/zrio\/","title":"III Feria del Material Did\u00e1ctico CLIL - Actualidad Nebrija","type":"rich","width":600,"height":338,"html":"<blockquote class=\"wp-embedded-content\" data-secret=\"FLYve8tW7E\"><a href=\"https:\/\/www.nebrija.com\/medios\/actualidadnebrija\/2016\/05\/23\/iii-feria-del-material-didactico-clil\/\">III Feria del Material Did\u00e1ctico CLIL<\/a><\/blockquote><iframe sandbox=\"allow-scripts\" security=\"restricted\" src=\"https:\/\/www.nebrija.com\/medios\/actualidadnebrija\/2016\/05\/23\/iii-feria-del-material-didactico-clil\/embed\/#?secret=FLYve8tW7E\" width=\"600\" height=\"338\" title=\"\u00abIII Feria del Material Did\u00e1ctico CLIL\u00bb \u2014 Actualidad Nebrija\" data-secret=\"FLYve8tW7E\" frameborder=\"0\" marginwidth=\"0\" marginheight=\"0\" scrolling=\"no\" class=\"wp-embedded-content\"><\/iframe><script type=\"text\/javascript\">\n\/* <![CDATA[ *\/\n\/*! This file is auto-generated *\/\n!function(d,l){\"use strict\";l.querySelector&&d.addEventListener&&\"undefined\"!=typeof URL&&(d.wp=d.wp||{},d.wp.receiveEmbedMessage||(d.wp.receiveEmbedMessage=function(e){var t=e.data;if((t||t.secret||t.message||t.value)&&!\/[^a-zA-Z0-9]\/.test(t.secret)){for(var s,r,n,a=l.querySelectorAll('iframe[data-secret=\"'+t.secret+'\"]'),o=l.querySelectorAll('blockquote[data-secret=\"'+t.secret+'\"]'),c=new RegExp(\"^https?:$\",\"i\"),i=0;i<o.length;i++)o[i].style.display=\"none\";for(i=0;i<a.length;i++)s=a[i],e.source===s.contentWindow&&(s.removeAttribute(\"style\"),\"height\"===t.message?(1e3<(r=parseInt(t.value,10))?r=1e3:~~r<200&&(r=200),s.height=r):\"link\"===t.message&&(r=new URL(s.getAttribute(\"src\")),n=new URL(t.value),c.test(n.protocol))&&n.host===r.host&&l.activeElement===s&&(d.top.location.href=t.value))}},d.addEventListener(\"message\",d.wp.receiveEmbedMessage,!1),l.addEventListener(\"DOMContentLoaded\",function(){for(var e,t,s=l.querySelectorAll(\"iframe.wp-embedded-content\"),r=0;r<s.length;r++)(t=(e=s[r]).getAttribute(\"data-secret\"))||(t=Math.random().toString(36).substring(2,12),e.src+=\"#?secret=\"+t,e.setAttribute(\"data-secret\",t)),e.contentWindow.postMessage({message:\"ready\",secret:t},\"*\")},!1)))}(window,document);\n\/* ]]> *\/\n<\/script>\n","thumbnail_url":"https:\/\/www.nebrija.com\/medios\/actualidadnebrija\/wp-content\/uploads\/sites\/2\/2016\/05\/foro2.jpg","thumbnail_width":815,"thumbnail_height":585,"description":"Los alumnos del M\u00e1ster en Ense\u00f1anza Biling\u00fce celebraron el s\u00e1bado 21 de mayo la III Feria del Material Did\u00e1ctico CLIL \u2013\u00a0Content and Language Integrated Learning. Dentro este foro, cada alumno dispuso de un stand en donde\u00a0exponer y presentar el material"}

III Feria del Material Didáctico CLIL - Actualidad Nebrija

<blockquote class="wp-embedded-content" data-secret="FLYve8tW7E"><a href="https://www.nebrija.com/medios/actualidadnebrija/2016/05/23/iii-feria-del-material-didactico-clil/">III Feria del Material Didáctico CLIL</a></blockquote><iframe sandbox="allow-scripts" security="restricted" src="https://www.nebrija.com/medios/actualidadnebrija/2016/05/23/iii-feria-del-material-didactico-clil/embed/#?secret=FLYve8tW7E" width="600" height="338" title="«III Feria del Material Didáctico CLIL» — Actualidad Nebrija" data-secret="FLYve8tW7E" frameborder="0" marginwidth="0" marginheight="0" scrolling="no" class="wp-embedded-content"></iframe><script type="text/javascript">
/* <![CDATA[ */
/*! This file is auto-generated */
!function(d,l){"use strict";l.querySelector&&d.addEventListener&&"undefined"!=typeof URL&&(d.wp=d.wp||{},d.wp.receiveEmbedMessage||(d.wp.receiveEmbedMessage=function(e){var t=e.data;if((t||t.secret||t.message||t.value)&&!/[^a-zA-Z0-9]/.test(t.secret)){for(var s,r,n,a=l.querySelectorAll('iframe[data-secret="'+t.secret+'"]'),o=l.querySelectorAll('blockquote[data-secret="'+t.secret+'"]'),c=new RegExp("^https?:$","i"),i=0;i<o.length;i++)o[i].style.display="none";for(i=0;i<a.length;i++)s=a[i],e.source===s.contentWindow&&(s.removeAttribute("style"),"height"===t.message?(1e3<(r=parseInt(t.value,10))?r=1e3:~~r<200&&(r=200),s.height=r):"link"===t.message&&(r=new URL(s.getAttribute("src")),n=new URL(t.value),c.test(n.protocol))&&n.host===r.host&&l.activeElement===s&&(d.top.location.href=t.value))}},d.addEventListener("message",d.wp.receiveEmbedMessage,!1),l.addEventListener("DOMContentLoaded",function(){for(var e,t,s=l.querySelectorAll("iframe.wp-embedded-content"),r=0;r<s.length;r++)(t=(e=s[r]).getAttribute("data-secret"))||(t=Math.random().toString(36).substring(2,12),e.src+="#?secret="+t,e.setAttribute("data-secret",t)),e.contentWindow.postMessage({message:"ready",secret:t},"*")},!1)))}(window,document);
/* ]]> */
</script>

Los alumnos del Máster en Enseñanza Bilingüe celebraron el sábado 21 de mayo la III Feria del Material Didáctico CLIL – Content and Language Integrated Learning. Dentro este foro, cada alumno dispuso de un stand en donde exponer y presentar el material
